or of o and v?
7
Suppose -2*r - r + 24 = 0. Let i(o) = o**3 + 7*o**2 - 6*o. Let u be i(-6). Calculate the greatest common divisor of u and r.
8
Let q(x) = 11*x**2. Suppose 1 = -p - 1. Let j be q(p). What is the highest common factor of 4 and j?
4
Suppose -4*f + 3*f + 88 = 2*u, 0 = -2*f + u + 156. Let w be 31 - (6 - 3) - -3. Let q = f - w. What is the highest common divisor of 7 and q?
7
Let q = 11 - -21. Suppose 20 = 2*s + 3*s. Suppose 2*v - x = 13, -5*v - s*x + 0*x + 52 = 0. What is the greatest common factor of v and q?
8
Suppose 2*h = 3*h - 4. Suppose -r + h = -0. Calculate the greatest common divisor of 1 and r.
1
Let u = 113 + -63. Let m = 2 - -8. What is the greatest common factor of m and u?
10
Let f(s) = 6 - 3*s**2 + 6*s**2 - 5*s - 4*s**2 - 2. Let y be f(-5). Calculate the highest common divisor of y and 2.
2
Let x(j) = 4*j**2 - j - 1. Let d be x(-1). Let c = 25 - 13. Calculate the greatest common divisor of c and d.
4
Let r be (-2 + -24*1)*-4. Let q be (-3 + 6)*(-8)/6. Let j(d) = d**3 + 5*d**2 + d + 1. Let x be j(q). What is the greatest common divisor of x and r?
13
Let f(c) = -c**2 - c. Let p be f(-1). Suppose 60 = 5*y - p*y. Let d be 4 - 4 - -7 - 1. Calculate the greatest common divisor of y and d.
6
Let u = 45 + -64. Let z = -13 - u. Calculate the greatest common factor of 48 and z.
6
Let b = 185 - -10. Calculate the greatest common divisor of b and 78.
39
Let o be 62/(-6) + (-4)/6. Let i = -11 - o. Suppose i = -2*l - 5*w + 60, -2*l - 4*w + 36 = -l. What is the highest common divisor of l and 80?
20
Suppose -2*w + 68 + 34 = 2*m, -2*m = w - 47. Calculate the greatest common divisor of 22 and w.
11
Suppose 5 = k - 1. Let u be ((-6)/4)/(k/(-32)). Calculate the greatest common factor of 8 and u.
8
Let f(m) = -m**2 + 5*m - 2. Let c be f(4). Suppose o = 41 - c. What is the greatest common factor of 26 and o?
13
Suppose 3*w - 5*u - 454 = -0*u, -310 = -2*w - 4*u. Let n = w - 53. Calculate the highest common factor of 25 and n.
25
Let c be ((-246)/24)/(2/(-8)). What is the highest common factor of 287 and c?
41
Let a(v) = -44*v. Let u be a(-1). Suppose 4*q - 22 = -6. Calculate the greatest common factor of q and u.
4
Suppose 0 = -6*l + 468 + 192. Calculate the greatest common divisor of l and 10.
10
Suppose 3*i - 32 = -b, 2*i = b + 3*i - 22. Suppose -g + 0*g = -1. Let k = g - -33. What is the highest common divisor of b and k?
17
Suppose -4*d + 84 = -2*d. What is the greatest common factor of 6 and d?
6
Let y = 7 - 5. Suppose -y*p - 3*k = -96, 240 = 5*p - 0*k + 5*k. What is the greatest common factor of 6 and p?
6
Suppose -5*f = -4*f - 12. Suppose 0 = 3*w - 3 - 9. Suppose 3*x + 5*u = 59, 0 = 3*x - 0*x + w*u - 58. Calculate the highest common factor of f and x.
6
Let v be 1716/36 - (2/3 + -1). What is the highest common divisor of 36 and v?
12
Let q(b) = -b + 3. Let n be q(-3). Let m = 42 + 6. What is the highest common divisor of m and n?
6
Let w(l) = -l**2 + 6*l - 4. Let s be w(4). Suppose 5*i = -2*t + 641, 9 = s*i - 11. What is the greatest common factor of t and 28?
28
Let t = 24 + 24. What is the greatest common divisor of t and 6?
6
Let q be (0 - -1) + 22 + 1. Let k(i) = i**3 + 6*i**2 + 2*i - 7. Let v be k(-5). What is the highest common divisor of q and v?
8
Let f = 5 - 3. Suppose 5*l + v - 11 = f*v, 13 = 5*l - 3*v. Let n(q) = q**3 + q**2 + q + 2. Let z be n(0). What is the highest common divisor of z and l?
2
Suppose -26 + 71 = 5*u. Let m be (-4)/(-6) + (-42)/u. Let g = 2 - m. What is the highest common factor of 6 and g?
6
Let f(i) = 4*i**2. Let m be f(1). Calculate the highest common factor of 44 and m.
4
Let f = -96 - -103. Let n be ((-14)/(-4))/((-2)/(-12)). Calculate the highest common factor of f and n.
7
Let v(x) = x**3 - 11*x**2 + 9*x + 13. Let h be v(10). Suppose 0 = -0*k + h*k - 27. Suppose 0 = -r + 5 - 2. Calculate the greatest common factor of r and k.
3
Let g be (20/1)/(2 - 1). Let x be (-2)/(-10) + 16/g. Let a be ((-20)/(-15))/(x/3). What is the greatest common divisor of 2 and a?
2
Suppose 0*f = -4*f - 64. Let d = 4 - f. Calculate the highest common divisor of 10 and d.
10
Let t = 12 + -15. Let v(f) = -6*f - 1. Let o be v(t). What is the highest common divisor of o and 17?
17
Suppose q + 4*s - 8 = 0, 4*s - 2*s - 10 = -2*q. Suppose -2*h = -0*h + 3*v - 2, -v - 18 = -4*h. Calculate the greatest common divisor of q and h.
4
Let m(w) = w**3 + 6*w**2 + 5*w + 1. Let z be m(-5). Calculate the highest common factor of 1 and z.
1
Let a = 4 + -5. Let z be 70 + 2/2 + a. Calculate the highest common divisor of 14 and z.
14
Suppose -5*f = -5*y - 80, -8*f - 2*y + 101 = -3*f. Calculate the highest common factor of 57 and f.
19
Let n(b) = b**2 + 17*b. Let r be n(-14). Let v = -26 - r. Let u be -2 + -1 + (-27)/(-1). What is the highest common divisor of u and v?
8
Let p(t) = 2 + 3 - t - 5 + 6. Let l be p(4). What is the greatest common divisor of l and 3?
1
Suppose -2*r = 3*r - 5. Suppose -11 = -2*f + 3*b + 17, -3*f = -4*b - 41. What is the highest common factor of r and f?
1
Suppose -5*u - 3*x = 5 - 49, 0 = -u + 4*x - 5. Let d be (4/2)/(u/28). Let f(z) = -21*z + 1. Let v be f(-3). What is the greatest common divisor of d and v?
8
Let u(l) = l**2 - 7*l. Let w be u(7). Let t = 4 + w. Let r = -11 + 21. What is the highest common divisor of t and r?
2
Let k = 1 + 4. Let z(h) = h**3 - 4*h**2 + 2. Let a be z(-3). Let x = a - -116. What is the highest common divisor of k and x?
5
Suppose 5*l = 3*g - 205, -l = 13*g - 17*g + 245. What is the greatest common factor of g and 40?
20
Let t(l) = -l**2 - 13*l + 12. Let c be t(-12). What is the greatest common factor of c and 168?
24
Suppose s = 3*k - 39, 2*k + 2*s = s + 21. What is the greatest common divisor of 84 and k?
12
Let x = -46 - -106. What is the greatest common divisor of x and 12?
12
Suppose -r - 4 = r. Let c = r - 1. Let k be (-3)/c - 1 - -2. What is the highest common divisor of k and 16?
2
Let z = 0 - -3. Suppose 0 = -0*w - 5*w + 310. Suppose -4*f = -46 - w. What is the highest common factor of z and f?
3
Let l be (-47)/(-9) - (-12)/(-54). Calculate the highest common divisor of l and 40.
5
Let t(h) = h**3 - h**2 + 17. Let d be t(0). Let m = d - -21. Let z = m + -26. Calculate the highest common divisor of 48 and z.
12
Let k(t) = -t + 7. Let y be k(-7). Calculate the greatest common factor of 98 and y.
14
Let q(w) = -w**2 + 6*w - 3. Let x be q(5). Let g be (x - 4)*18/(-2). Let f = 61 + -52. Calculate the highest common divisor of f and g.
9
Let p(h) be the second derivative of h**4/4 + h**3/6 - h**2/2 - h. Let x be p(1). What is the highest common factor of x and 9?
3
Suppose 3*b - 40 = -y - 0*y, 32 = 3*b - y. Suppose 20 = 2*w + 4*t - 8, -25 = -2*w - t. What is the greatest common divisor of b and w?
12
Let n(x) = -x + 15. Let f be n(-9). Let o be 10 + -4 + (3 - 1). What is the highest common factor of f and o?
8
Let z = 34 - 33. What is the greatest common divisor of 9 and z?
1
Suppose 5*h = -7 + 12. Calculate the highest common divisor of 4 and h.
1
Suppose 0 = j + j - 2. Suppose j = -4*o + 5*o. Let i be -2 + 17 - (o + -2). Calculate the greatest common factor of 48 and i.
16
Let q(c) = -c**3 - 9*c**2 + 10*c + 2. Let k be q(-10). Suppose -4*u + 17 = n, k*n = -5*u + n + 20. Calculate the greatest common divisor of u and 9.
3
Let v(n) = n**2 + 4*n + 6. Let b be v(-4). Let p be 310/4*(7 + -5). Suppose 3*k - p - 43 = 0. What is the greatest common divisor of k and b?
6
Let n = 38 + -20. What is the highest common divisor of 18 and n?
18
Let p be (-2)/3*-3 - -83. Let d = 369 + -335. Calculate the highest common factor of p and d.
17
Let d = 29 - 19. Suppose -4*u - d = 18. Let m(x) = -3*x + 7. Let h be m(u). What is the greatest common factor of 42 and h?
14
Let q = -16 - -24. Let j(f) = -f**3 + 7*f**2 - 8*f + 9. Let m be j(6). Let v be m*(-2 + q/(-3)). What is the greatest common divisor of 70 and v?
14
Let m(k) = -k**3 - 5*k**2 - 4*k + 8. Let t be m(-7). Suppose -3*o + t = -a, -o - 3*a = -4*a - 44. What is the greatest common factor of o and 15?
15
Suppose -5*r + 43 = 3*m + m, -62 = -5*m + 2*r. Suppose 5*f = j + 33, -2*f + 6*f = 3*j + 33. What is the highest common factor of m and f?
6
Let f = 76 - -60. What is the greatest common divisor of 8 and f?
8
Let d(k) = -k**2 + k + 6. Let